 = 4*t. What is the tens digit of ((t/(-3))/(-3))/(-2)?
2
Let w = 286 - -535. What is the tens digit of w?
2
Let z(d) = -7*d - 95. Let y(f) = -3*f - 48. Let s(h) = 7*y(h) - 4*z(h). What is the hundreds digit of s(11)?
1
Let c = 912 + -245. What is the units digit of c?
7
What is the units digit of 2/9 - 82576/(-117)?
6
Let t = -49 - -112. Let a be 4/18 + 238/t. Suppose 0 = a*m - 3 - 85. What is the tens digit of m?
2
Suppose -13*y + 3*y + 3680 = 0. Suppose 283 = 3*n + c, 0 = 2*n + 2*n - c - y. What is the tens digit of n?
9
Suppose 344 = 13*y - 11*y. What is the tens digit of y?
7
What is the thousands digit of (-64)/(-24) + -3 - (-9320)/6?
1
Suppose -16 + 9 = u. What is the tens digit of 3 + -1 + (-140)/(u + 0)?
2
Suppose 6*v - 2650 = 1178. What is the hundreds digit of v?
6
Suppose -3*c - 342 = -5*c. Let i = c + -121. What is the units digit of (-4)/10 - (-720)/i?
4
Let s = -396 + 3150. What is the tens digit of s?
5
Suppose z = -3*c + 1474, -970 = -4*c + 3*z + 1004. What is the hundreds digit of c?
4
Let j be (-7)/((-56)/(-30))*-4. Let p(d) = j*d**2 + 14*d**2 - 3 + 10*d**2 + 1 - d. What is the tens digit of p(-1)?
3
Suppose -1 = -2*g + g + 3*l, -5*g + 16 = -4*l. Suppose 5*t - 12 = q, -q + g*t - 24 = -2*q. What is the units digit of (3 + -25)*(-4)/q?
1
Let s be (-1 + (-50)/(-4))*12/3. Suppose -b = -0*b + 5*g - 43, b = -2*g + s. What is the tens digit of b?
4
Let j be (-1*4)/((-9)/(-27)). What is the units digit of (-4)/j - (-285)/9?
2
Let u = 385 - 298. What is the tens digit of u?
8
Let p(c) = -c + 12. Let w be p(6). Let a = w - -1. What is the units digit of a?
7
Suppose -5 = -v - 0, -4*u = -2*v - 18. Let h(j) = -j**2 + 6*j + 10. Let s be h(u). Suppose -s*g = 5 - 20, -b = 5*g - 41. What is the units digit of b?
6
Suppose 62*g - 45*g = 33575. What is the thousands digit of g?
1
Let z be (-7)/(28/(-24)) + -2. Suppose 2 = z*r - 14. What is the units digit of r/(-16)*-6*2?
3
Let b = -641 + 3501. What is the thousands digit of b?
2
Suppose -2*u + 712 = 2*m, 755 = 3*m + 2*u - 315. What is the units digit of m?
8
Let g be -3*(-4 - (-3 - 0)). Suppose -g*p + 8 = -p. Suppose -5*s + 107 = 4*r, 4*s + 30 = -p*r + 134. What is the tens digit of r?
2
Let s = 3180 + -2237. What is the units digit of s?
3
Suppose -317 = 21*x - 21632. What is the units digit of x?
5
Suppose 4*x + 20 = 4. What is the units digit of 2460/36 - x/(-3)?
7
Suppose -26*k + 37*k - 6105 = 0. What is the tens digit of k?
5
Suppose -10*j - 50 = -15*j. Suppose 0 = -5*u + 5*h + 365, 0 = -j*h + 9*h - 3. What is the units digit of u?
0
Suppose -5 - 1 = -2*h + 4*q, -h - 2 = -3*q. Let r be 1*52 - (h + -10). Suppose -6*t = 5*s - t - 30, r = 4*s - t. What is the tens digit of s?
1
Let q be (1 + -1)*(-4)/8. Let p(f) = f**2 + 16*f + 17. Let n be p(-15). Suppose 2*h + 0*h - 58 = n*s, q = 3*h - 2*s - 84. What is the units digit of h?
6
Let b = 1250 + 1460. What is the thousands digit of b?
2
Let c be (8/4 + -3)*-5. Suppose -7 = -c*z - 3*v + 1, 3*z = -2*v + 4. Suppose z*k = y + 197, 4*y - y - 129 = -3*k. What is the units digit of k?
8
Let o(i) = -4*i**2 + 5*i - 5. Let l be o(2). Let j = l - -13. Let m(v) = 5*v**3 + v**2 + v + 1. What is the tens digit of m(j)?
4
What is the hundreds digit of 1046/(-10 + (-72)/(-7))?
6
Suppose -3*z = -4*h + 4, -3*h - h - 28 = 5*z. Let q be (3 - (3 + h)) + 1. Suppose -3*f + q*b + 93 = 0, -f + 0*b - 4*b + 6 = 0. What is the tens digit of f?
2
Let b(y) = 12*y**3 - 4*y**2 + 2*y + 4. Let u be b(2). Let h = u - 67. What is the tens digit of h?
2
What is the tens digit of ((-105)/(-9))/(11/165)?
7
Suppose -c + 6*c - 565 = 0. Let w be (-2 + -1)/((-11)/231). Let v = c - w. What is the tens digit of v?
5
Let d be (48/32)/(6/(-8)). Let v be (16/12)/(d/(-159)). Suppose -3*b = -v + 1. What is the units digit of b?
5
Suppose -5*r - 2*n = 33 + 15, -3*r - 20 = -n. Let m(w) = w**2 + 7*w - 6. Let y be m(r). Suppose 3*o = y*o + 6. What is the units digit of o?
6
Suppose 0 = 3*a - h - 10 - 7, -1 = -h. Let c(q) = -q**2 - 11*q - 9. Let o be c(-8). What is the units digit of o - 1*a/2?
2
Let s = -434 + 1091. What is the units digit of s?
7
Suppose -2*w = -7*w + 10. Suppose w*y + y = 6, 3*a - 642 = 3*y. What is the tens digit of a?
1
Let u(z) = -z**3 + 11*z**2 - 9*z + 13. Let i be u(9). What is the tens digit of i - (5 - (-1 - -4))?
9
Suppose -t = 5*y + 1, 6*y - 2*y - 4*t - 4 = 0. Suppose -48 = 3*f + 3*v, -2*v = 3*f - y*v + 43. Let n = f + 26. What is the units digit of n?
5
Let b(p) = -2*p**2 - 14*p + 2. Let h be b(-7). Let g(a) = 4*a**3 + a**2 + 4*a - 7. What is the tens digit of g(h)?
3
Let s(v) = -v**2 + 39*v + 11. What is the hundreds digit of s(24)?
3
Suppose -5*i = 2*i - 28. Suppose 2*h - 198 = -4*o + 60, 4*o - i*h - 252 = 0. What is the tens digit of o?
6
Let s be 7/(-14)*(-2 + 2). Let b be (-20)/(-16)*4 + s. What is the tens digit of ((-111)/12)/(b/(-20))?
3
Let k = 2581 - 1594. What is the units digit of k?
7
Let l(r) = -r - 97. Let y be l(0). Let b = -48 - y. What is the units digit of b?
9
Suppose 384*f = 379*f + 4850. What is the hundreds digit of f?
9
Suppose 4*z = -5*k - 125, k - 4*k = z + 75. Let g be (1 + 0)*42 + 3. Let o = k + g. What is the tens digit of o?
2
Let d be (-57)/((-2)/(6 - 4)). Let w(z) = 2*z**2 + 3*z + 1. Let v be w(5). Suppose k - v = -3*j - 27, 3*k - d = -4*j. What is the tens digit of j?
1
Let o be 69/21 + (-12)/42. What is the tens digit of (12/1 - o) + 4?
1
Suppose 2*o = 5*j - 8473, 16*o = 15*o - 4. What is the hundreds digit of j?
6
Suppose 4*s - 8 = -4*i, -5*i + 11 = 2*s - 2. Let d(p) = 11*p**3 - 4*p**2 + p - 3. What is the tens digit of d(i)?
6
Let k = 4 + 3. Let s = k + -15. What is the tens digit of s/(-10)*210/4?
4
Let x(z) = 2*z + 29. Let p be x(12). Let h = 57 - p. What is the units digit of h?
4
Let w = -155 + 108. Let y = w + 109. What is the units digit of y?
2
Let v(u) = -2*u**2 - 8*u + 6. Suppose 4*z + 29 = k, z - k + 15 = -z. Let m be v(z). What is the tens digit of ((-276)/m)/((-1)/(-3))?
2
Let x(w) = w. Let o be x(-1). Let b be ((-12)/(-8) + o)*198. Let f = b + -53. What is the units digit of f?
6
Suppose -2*h + 5*h - 4*x - 2 = 0, 4*h - 3*x - 5 = 0. Suppose -5*t + 3 = -2, -h*w - 11 = 5*t. What is the tens digit of 3 - 14/4*w?
3
Suppose 0 = -v - 116 + 681. What is the tens digit of v?
6
Let i(d) = -d**3 - 6*d**2 - 6*d - 2. Let u be i(-5). Suppose 4*j + 27 - u = 0. Let t(q) = q**2 + 4*q - 4. What is the units digit of t(j)?
8
Let p = 412 - 262. What is the units digit of p?
0
Let j(w) = 8 - 2*w**3 - 4*w**2 + 4*w - 7 + 4*w + 14. What is the units digit of j(-4)?
7
Suppose -4*l + 3*l = -11. Suppose -l*r + 120 + 991 = 0. What is the units digit of r?
1
Let i = -49 - -35. Let y(a) = -a**3 - 15*a**2 - 20*a + 5. What is the tens digit of y(i)?
8
Let r(n) = 13 - n + 0*n**3 + 2*n**2 + 55 - n**3 + 0*n. What is the units digit of r(0)?
8
Let s = 17 + -13. Let d = 27 + s. What is the units digit of d?
1
Let n(v) = -v**2 - 27*v + 28. Let d be n(-28). Suppose -5*b + 182 + 748 = d. What is the tens digit of b?
8
Suppose 0 = -b - 5*u + 67, -4*u - 95 = -2*b + 95. Let q = b + 20. Let s = q - 48. What is the units digit of s?
9
Suppose -2*i + 4726 = 3*f, -i - 8 + 13 = 0. What is the hundreds digit of f?
5
Let k(w) = -w**3 - w**2 + 2*w + 2. Let o be 0 + 4/(-4)*2. Let d be k(o). Suppose 11 = -d*t + 57. What is the tens digit of t?
2
Let o be (-14)/4*(3 + 1). Let c = -34 - -60. Let k = o + c. What is the units digit of k?
2
Let u = 58 - -209. What is the units digit of u?
7
Let f(u) = -32*u**3 - 2*u**2 + 3*u - 4. Let h be f(2). Let v = 392 + h. What is the hundreds digit of v?
1
Let u = 18 + -14. Suppose u*i + 188 = 5*y, 0 = 4*y - 5*i + 31 - 176. Let h = 62 - y. What is the units digit of h?
2
Let j(b) = -56*b - 7. What is the units digit of j(-8)?
1
Let i = -430 + 238. Let y = i + 335. What is the hundreds digit of y?
1
Suppose q - 311 - 327 = -2*p, -2*q - 632 = -2*p. What is the hundreds digit of p?
3
What is the units digit of (6/(-4) - -2)/(10/13140)?
7
Suppose -2*s - 4 = 5*h, -s + 2*h = 4*s - 19. Let y be ((-422)/1055)/(2/(-10) - 0). Suppose s*w + y*w = 205. What is the units digit of w?
1
Let o(j) = -j**2 + 18*j - 8. Let h be (-66)/(-10) + 8*2/40. What is the tens digit of o(h)?
6
Let h(q) = 27*q**2 + 3*q + 2. What is the hundreds digit of h(-3)?
